1
-3958 (base 10) to base 5
-111313
What is -27693 (base 13) in base 11?
-50361
1302434030 (base 6) to base 9
31616180
What is -1477534 (base 10) in base 14?
-2a6662
Convert 1010110012 (base 3) to base 2.
101011010110111
-7cc25 (base 14) to base 8
-1122141
3103142 (base 5) to base 10
50422
Convert -13240223 (base 5) to base 10.
-133813
-6a29 (base 12) to base 16
-2e41
Convert -a48438 (base 11) to base 6.
-100002531
What is 8249718 (base 10) in base 5?
4102442333
-7a22e2 (base 16) to base 14
-10c5054
-1011033321 (base 4) to base 3
-112102002020
What is 101010001011111110 (base 2) in base 10?
172798
What is -14046126 (base 7) in base 4?
-10332310032
1caa8 (base 13) to base 15
11c38
131738 (base 14) to base 3
1020101120011
5a0a11 (base 11) to base 8
3505067
What is 22010221101 (base 3) in base 14?
42608
4322240 (base 8) to base 5
244000011
1010101000100000010101 (base 2) to base 3
12020121112011
2cc4c (base 16) to base 15
394ec
What is -10110101100101010100 (base 2) in base 8?
-2654524
What is -545515 (base 7) in base 10?
-95611
Convert 203313101133 (base 4) to base 2.
100011110111010001011111
Convert 220367 (base 13) to base 7.
6542144
242414332 (base 5) to base 15
1775e7
What is -48c39a (base 15) in base 2?
-1101010010100010101100
-7849066 (base 10) to base 3
-112202202220011
Convert -100010000110000110 (base 2) to base 14.
-38c74
What is -1221021001 (base 3) in base 8?
-112322
What is 2122002102220 (base 3) in base 6?
45554040
What is 64b473 (base 13) in base 5?
1101220224
1146c7 (base 14) to base 13
177b85
What is -1125518 (base 11) in base 4?
-13200300111
-21203532 (base 6) to base 11
-396019
What is 1908d (base 14) in base 9?
105663
-36157717 (base 8) to base 10
-7921615
What is -102763 (base 16) in base 7?
-11666320
-1507558 (base 10) to base 7
-15546133
Convert 8382b2 (base 12) to base 8.
7705246
-11504233 (base 7) to base 11
-641433
-150001351 (base 6) to base 14
-5a2471
1132440413 (base 5) to base 8
12005743
Convert -10043022 (base 7) to base 8.
-3135220
What is -1239a9 (base 11) in base 10?
-195534
-128531 (base 12) to base 10
-304885
Convert -341541 (base 7) to base 11.
-4161a
-1363216 (base 8) to base 2
-1011110011010001110
-2331330 (base 5) to base 10
-42715
Convert -9a1b28 (base 13) to base 8.
-15664351
What is 341222132 (base 5) in base 14?
2b36b6
140149 (base 11) to base 12
a7239
Convert -21020220022000 (base 3) to base 9.
-7226260
Convert 220210213 (base 4) to base 8.
504447
What is 10111000011010010000 (base 2) in base 6?
24104544
What is -204417 (base 8) in base 4?
-100210033
Convert 135643 (base 7) to base 14.
96ca
Convert -1101100010101001 (base 2) to base 10.
-55465
What is -8307 (base 12) in base 7?
-56404
What is 5aa0b (base 16) in base 11?
233995
What is 435233 (base 6) in base 13?
135cc
2202200020 (base 3) to base 13
1ba17
Convert -2203231 (base 8) to base 14.
-1157cd
1110000100011010 (base 2) to base 6
1122442
What is -4098 (base 16) in base 5?
-1012121
-38a6a05 (base 11) to base 3
-110201101012022
Convert -2401402 (base 5) to base 6.
-535333
Convert -11202223013 (base 4) to base 14.
-29b5d5
What is -36208 (base 13) in base 9?
-161074
Convert -284700 (base 11) to base 14.
-b8465
110000011110101110 (base 2) to base 14
5251c
Convert 10901588 (base 10) to base 16.
a65854
Convert -38066 (base 12) to base 11.
-52201
Convert -212021210 (base 4) to base 9.
-257312
-1144432111 (base 5) to base 16
-29b55e
Convert -130998 (base 10) to base 8.
-377666
What is 5140455 (base 6) in base 3?
110112000122
Convert 8ad0bc (base 15) to base 12.
2276106
-100000001010110111000 (base 2) to base 15
-15c50b
1a0900a (base 11) to base 6
200425124
What is 315046 (base 8) in base 10?
104998
-444130 (base 12) to base 2
-100001000111110110100
Convert 75111 (base 16) to base 12.
1b15a9
40251224 (base 6) to base 10
1142080
What is -159b2b (base 13) in base 2?
-10000010110011010111
Convert 5611178 (base 9) to base 2.
1011100001000010111101
-1259778 (base 10) to base 6
-43000150
-9068568 (base 10) to base 3
-122001201201220
What is -2289788 (base 12) in base 4?
-121120010120
What is -11001200202011 (base 3) in base 12?
-8815a1
What is 122033 (base 7) in base 11?
15850
Convert 218330 (base 9) to base 2.
11111111011001001
Convert -32605 (base 9) to base 14.
-7c52
What is -690134 (base 12) in base 7?
-20164243
757632 (base 9) to base 11
289467
What is 54682 (base 11) in base 9?
130751
What is 3033204 (base 5) in base 15?
e889
Convert -10100011001011100100 (base 2) to base 7.
-5452440
Convert -33131232002 (base 4) to base 3.
-21121221220002
331113321121 (base 4) to base 16
f57e59
-120222101102 (base 3) to base 5
-40030410
Convert -2246177 (base 8) to base 13.
-1844c6
Convert -230003101 (base 4) to base 15.
-386dd
100010000010011010011 (base 2) to base 7
12323512
812852 (base 9) to base 5
110343411
24ab967 (base 12) to base 6
414114211
What is 11301202303 (base 4) in base 3?
2211220100011
What is 1157a76 (base 11) in base 5?
1004011202
Convert -211322021 (base 4) to base 9.
-255885
What is 1224540 (base 6) in base 2?
10000000101001100
100111010000001000110 (base 2) to base 14
256a46
-189638 (base 16) to base 8
-6113070
-250bb (base 12) to base 10
-50255
What is 34001313 (base 5) in base 11?
193226
Convert 11220745 (base 8) to base 5.
1110333014
Convert 5535444 (base 8) to base 9.
2720432
What is -392e9 (base 16) in base 2?
-111001001011101001
Convert -6a745 (base 13) to base 5.
-22211301
What is -478611 (base 11) in base 2?
-10111001000100111101
-28c29 (base 15) to base 12
-63979
131133150 (base 6) to base 12
a441b6
What is 484b (base 13) in base 8?
23733
Convert 3c4a607 (base 13) to base 11.
a847a63
What is -624172 (base 8) in base 2?
-110010100001111010
What is 101001210303 (base 4) in base 2?
10001000001100100110011
Convert -797045 (base 10) to base 16.
-c2975
381785 (base 10) to base 12
164b35
What is 221114431 (base 5) in base 16?
e9c33
Convert -52c22e (base 16) to base 4.
-110230020232
What is -55334530 (base 6) in base 13?
-4621a7
What is -8a791a (base 14) in base 12?
-16b0484
What is 81960 (base 12) in base 15?
35109
10011001101111110 (base 2) to base 14
2098a
1001023333 (base 4) to base 9
446234
Convert 1112242031 (base 5) to base 14.
4813d3
15403415 (base 6) to base 2
10000101000101100011
What is 23448641 (base 9) in base 8?
53462300
-448a2 (base 12) to base 15
-1c005
-1673030 (base 8) to base 10
-488984
20110210000 (base 3) to base 11
87800
What is -1095983 (base 12) in base 7?
-36023562
What is 55499 (base 10) in base 15?
1169e
-5a58 (base 12) to base 7
-41405
Convert 124978 (base 13) to base 16.
6b227
Convert 204828 (base 9) to base 4.
131231120
Convert 4133e (base 15) to base 5.
23102414
-21340404 (base 5) to base 7
-1364006
What is 31013030110 (base 4) in base 6?
201401324
-6175264 (base 8) to base 9
-3064537
Convert 252235041 (base 6) to base 5.
2221412034
-1c480 (base 16) to base 6
-2252144
What is -4161467 (base 8) in base 16?
-10e337
What is 501218 (base 9) in base 12?
123475
-23087 (base 13) to base 16
-f950
558251 (base 9) to base 3
121222021201
Convert 39b408 (base 12) to base 11.
5a0872
-3171042 (base 8) to base 4
-3033020202
What is -346274 (base 9) in base 13?
-73897
Convert 100211022001021 (base 3) to base 15.
6d2341
What is -100974 (base 12) in base 11?
-160a9a
-12a99 (base 11) to base 8
-44275
Convert -1540163 (base 9) to base 2.
-11010000010001001100
-1100002021 (base 3) to base 6
-321441
-15530046 (base 7) to base 15
-1ea540
-208b1a (base 13) to base 7
-6322463
What is -1000102121210 (base 3) in base 12?
-220549
14034656 (base 7) to base 3
2110012110002
ac191 (base 13) to base 9
525306
What is 10001111000000100001 (base 2) in base 8?
2170041
What is a987a (base 11) in base 10?
159444
What is 12a089 (base 11) in base 4?
301233130
What is 84d363 (base 15) in base 3?
102220012100110
What is 550422 (base 10) in base 2?
10000110011000010110
Convert 114a6 (base 12) to base 7.
124353
What is 3653466 (base 12) in base 10?
10560462
121012111012121 (base 3) to base 2
100000110110010100011011
54040212 (base 6) to base 5
401412233
Convert 3351665 (base 10) to base 3.
20022021121202
What is 33002111112 (base 4) in base 10?
3941718
What is 1230222103 (base 4) in base 12?
195697
Convert -140ac2 (base 13) to base 4.
-1312333121
1021321201 